{"id":30,"date":"2022-09-21T14:24:09","date_gmt":"2022-09-21T12:24:09","guid":{"rendered":"https:\/\/effervescence-sorbonne.fr\/?page_id=30"},"modified":"2025-06-07T23:30:49","modified_gmt":"2025-06-07T21:30:49","slug":"accueil","status":"publish","type":"page","link":"https:\/\/effervescence-sorbonne.fr\/","title":{"rendered":"Accueil"},"content":{"rendered":"\n<div class=\"wp-block-cover alignfull\" style=\"min-height:419px;aspect-ratio:unset;\"><img fetchpriority=\"high\" decoding=\"async\" width=\"1024\" height=\"409\" class=\"wp-block-cover__image-background wp-image-7\" alt=\"\" src=\"https:\/\/effervescence-sorbonne.fr\/wp-content\/uploads\/2022\/09\/Chapelle-Litt-01-22-1024x409.jpg\" style=\"object-position:50% 55%\" data-object-fit=\"cover\" data-object-position=\"50% 55%\" srcset=\"https:\/\/effervescence-sorbonne.fr\/wp-content\/uploads\/2022\/09\/Chapelle-Litt-01-22-1024x409.jpg 1024w, https:\/\/effervescence-sorbonne.fr\/wp-content\/uploads\/2022\/09\/Chapelle-Litt-01-22-300x120.jpg 300w, https:\/\/effervescence-sorbonne.fr\/wp-content\/uploads\/2022\/09\/Chapelle-Litt-01-22-768x307.jpg 768w, https:\/\/effervescence-sorbonne.fr\/wp-content\/uploads\/2022\/09\/Chapelle-Litt-01-22-1536x613.jpg 1536w, https:\/\/effervescence-sorbonne.fr\/wp-content\/uploads\/2022\/09\/Chapelle-Litt-01-22-2048x818.jpg 2048w\" sizes=\"(max-width: 1024px) 100vw, 1024px\" \/><span aria-hidden=\"true\" class=\"wp-block-cover__background has-background-dim\"><\/span><div class=\"wp-block-cover__inner-container is-layout-flow wp-block-cover-is-layout-flow\">\n<p class=\"has-text-align-center has-large-font-size\"><\/p>\n<\/div><\/div>\n\n\n\n<div style=\"height:20px\" aria-hidden=\"true\" class=\"wp-block-spacer\"><\/div>\n\n\n\n<h2 class=\"wp-block-heading\">Pr\u00e9sentation<\/h2>\n\n\n\n<p>Association des \u00e9tudiants et anciens du master \u00c9dition et Audiovisuel de la Sorbonne, Effervescence a pour buts principaux de cr\u00e9er un r\u00e9seau professionnel et favoriser les rencontres entre \u00e9tudiants et professionnels ; promouvoir le master professionnel Lettres Modernes Appliqu\u00e9es et la Sorbonne IV aupr\u00e8s des \u00e9tudiants et des professionnels ; informer le public et les \u00e9tudiants sur l&#8217;acc\u00e8s aux m\u00e9tiers de l&#8217;\u00e9dition et de l&#8217;audiovisuel et leurs actualit\u00e9s ; organiser des \u00e9v\u00e9nements faisant intervenir des professionnels de l&#8217;audiovisuel et de l&#8217;\u00e9dition tout au long de l&#8217;ann\u00e9e (d\u00e9bats, conf\u00e9rences, master class&#8230;) ; participer aux manifestations de la Sorbonne en apportant le savoir-faire de ses \u00e9tudiants.<\/p>\n\n\n\n<div style=\"height:20px\" aria-hidden=\"true\" class=\"wp-block-spacer\"><\/div>\n\n\n\n<h2 class=\"wp-block-heading\">T\u00e9moignages<\/h2>\n\n\n\n<blockquote class=\"wp-block-quote is-layout-flow wp-block-quote-is-layout-flow\">\n<p>\u00ab Toute sa vie, un \u00e9diteur se souvient de son premier livre. Le mien, projet de fin d\u2019\u00e9tude du Master, je l\u2019ai partag\u00e9 avec fiert\u00e9 et bonheur avec mes confr\u00e8res de l\u2019option \u00c9dition. Depuis, directeur litt\u00e9raire chez Flammarion, j\u2019ai publi\u00e9 pr\u00e8s de deux-cents livres mais je n\u2019oublierai jamais celui-l\u00e0. \u00bb<\/p>\n<cite>Guillaume Robert, Fondateur de l&#8217;association Effervescence, Promotion 1998-1999 \u2013 Master \u00c9dition<\/cite><\/blockquote>\n\n\n\n<blockquote class=\"wp-block-quote is-layout-flow wp-block-quote-is-layout-flow\">\n<p>\u00ab Ce qui m\u2019a probablement le plus aid\u00e9, ce sont les cours de production. Je suis d\u00e9sormais charg\u00e9 de production dans une agence de publicit\u00e9. Mon principal client : L\u2019Or\u00e9al. Je passe directeur \u00e0 partir de f\u00e9vrier. \u00bb<\/p>\n<cite>Pol Thauvoye, Ancien pr\u00e9sident d&#8217;Effervescence, Promotion 2013-2014 \u2013 Master Audiovisuel<\/cite><\/blockquote>\n\n\n\n<blockquote class=\"wp-block-quote is-layout-flow wp-block-quote-is-layout-flow\">\n<p>\u00ab Nous avons eu l\u2019opportunit\u00e9 de rencontrer de nombreux autres acteurs de l\u2019\u00e9dition autour d\u2019\u00e9v\u00e9nements que nous avions organis\u00e9s avec Effervescence. En effet, celle-ci jouait, et joue encore aujourd\u2019hui, un r\u00f4le consid\u00e9rable dans la participation des \u00e9tudiants \u00e0 la vie \u00e9ditoriale. \u00bb<\/p>\n<cite>Julien Boulesteix, Ancien pr\u00e9sident d&#8217;Effervescence, Promotion 2012-2013 \u2013 Master \u00c9dition<\/cite><\/blockquote>\n\n\n\n<blockquote class=\"wp-block-quote is-layout-flow wp-block-quote-is-layout-flow\">\n<p>\u00ab Effervescence occupe une place essentielle dans la pr\u00e9servation de l&#8217;esprit des masters \u00c9dition et Audiovisuel de la Sorbonne : elle constitue le lien qui unit alumni, \u00e9tudiants, \u00e9quipes p\u00e9dagogiques et administratives au sein d&#8217;une m\u00eame communaut\u00e9. Ses missions sont nombreuses, mais c\u2019est sans doute l\u00e0 la plus importante. \u00bb<\/p>\n<cite>Victor Wolf, Ancien pr\u00e9sident d&#8217;Effervescence, Promotion 2023-2025 \u2013 Master CREM<\/cite><\/blockquote>\n\n\n\n<ul class=\"wp-block-social-links is-layout-flex wp-block-social-links-is-layout-flex\"><\/ul>\n\n\n\n<ul class=\"wp-block-social-links has-visible-labels is-style-logos-only is-layout-flex wp-block-social-links-is-layout-flex\"><\/ul>\n\n\n\n<h2 class=\"wp-block-heading\">R\u00e9seaux sociaux<\/h2>\n\n\n\n<p>Pour \u00eatre tenu au courant de l&#8217;actualit\u00e9 d&#8217;Effervescence au quotidien :<\/p>\n\n\n\n<div class=\"wp-block-buttons is-layout-flex wp-block-buttons-is-layout-flex\">\n<div class=\"wp-block-button\"><a class=\"wp-block-button__link wp-element-button\" href=\"https:\/\/www.instagram.com\/effervescence.sorbonne\/\" target=\"_blank\" rel=\"noreferrer noopener\">Instagram<\/a><\/div>\n\n\n\n<div class=\"wp-block-button\"><a class=\"wp-block-button__link wp-element-button\" href=\"https:\/\/www.linkedin.com\/company\/effervescencesorbonne\/\" target=\"_blank\" rel=\"noreferrer noopener\">LinkedIn<\/a><\/div>\n\n\n\n<div class=\"wp-block-button\"><a class=\"wp-block-button__link wp-element-button\" href=\"https:\/\/paris.us7.list-manage.com\/subscribe?u=53c7264acc4e6c3fd38466bd4&amp;id=fb1c235a20\">S&#8217;abonner \u00e0 la newsletter d&#8217;Effervescence<\/a><\/div>\n<\/div>\n\n\n\n<h2 class=\"wp-block-heading\" style=\"padding-top:var(--wp--preset--spacing--60)\">D\u00e9couvrez \u00e9galement le podcast Caf\u00e9 Cr\u00e8me !<\/h2>\n\n\n\n<div class=\"wp-block-buttons is-layout-flex wp-block-buttons-is-layout-flex\">\n<div class=\"wp-block-button\"><a class=\"wp-block-button__link wp-element-button\" href=\"https:\/\/www.instagram.com\/podcast_cafe_creme\/\">Sur Instagram<\/a><\/div>\n\n\n\n<div class=\"wp-block-button\"><a class=\"wp-block-button__link wp-element-button\" href=\"https:\/\/tr.ee\/lDmjA-_KIq\">Sur Spotify<\/a><\/div>\n\n\n\n<div class=\"wp-block-button\"><a class=\"wp-block-button__link wp-element-button\" href=\"https:\/\/tr.ee\/M6oC_k-VFm\">Sur Deezer<\/a><\/div>\n<\/div>\n\n\n\n<p><\/p>\n","protected":false},"excerpt":{"rendered":"<p>Pr\u00e9sentation Association des \u00e9tudiants et anciens du master \u00c9dition et Audiovisuel de la Sorbonne, Effervescence a pour buts principaux de cr\u00e9er un r\u00e9seau professionnel et favoriser les rencontres entre \u00e9tudiants et professionnels ; promouvoir le master professionnel Lettres Modernes Appliqu\u00e9es et la Sorbonne IV aupr\u00e8s des \u00e9tudiants et des professionnels ; informer le public et&hellip;&nbsp;<a href=\"https:\/\/effervescence-sorbonne.fr\/\" rel=\"bookmark\">Lire la suite &raquo;<span class=\"screen-reader-text\">Accueil<\/span><\/a><\/p>\n","protected":false},"author":1,"featured_media":7,"parent":0,"menu_order":0,"comment_status":"closed","ping_status":"closed","template":"","meta":{"neve_meta_sidebar":"","neve_meta_container":"","neve_meta_enable_content_width":"on","neve_meta_content_width":100,"neve_meta_title_alignment":"","neve_meta_author_avatar":"","neve_post_elements_order":"","neve_meta_disable_header":"","neve_meta_disable_footer":"","neve_meta_disable_title":"on","footnotes":""},"class_list":["post-30","page","type-page","status-publish","has-post-thumbnail","hentry"],"jetpack_sharing_enabled":true,"_links":{"self":[{"href":"https:\/\/effervescence-sorbonne.fr\/index.php\/wp-json\/wp\/v2\/pages\/30","targetHints":{"allow":["GET"]}}],"collection":[{"href":"https:\/\/effervescence-sorbonne.fr\/index.php\/wp-json\/wp\/v2\/pages"}],"about":[{"href":"https:\/\/effervescence-sorbonne.fr\/index.php\/wp-json\/wp\/v2\/types\/page"}],"author":[{"embeddable":true,"href":"https:\/\/effervescence-sorbonne.fr\/index.php\/wp-json\/wp\/v2\/users\/1"}],"replies":[{"embeddable":true,"href":"https:\/\/effervescence-sorbonne.fr\/index.php\/wp-json\/wp\/v2\/comments?post=30"}],"version-history":[{"count":23,"href":"https:\/\/effervescence-sorbonne.fr\/index.php\/wp-json\/wp\/v2\/pages\/30\/revisions"}],"predecessor-version":[{"id":1099,"href":"https:\/\/effervescence-sorbonne.fr\/index.php\/wp-json\/wp\/v2\/pages\/30\/revisions\/1099"}],"wp:featuredmedia":[{"embeddable":true,"href":"https:\/\/effervescence-sorbonne.fr\/index.php\/wp-json\/wp\/v2\/media\/7"}],"wp:attachment":[{"href":"https:\/\/effervescence-sorbonne.fr\/index.php\/wp-json\/wp\/v2\/media?parent=30"}],"curies":[{"name":"wp","href":"https:\/\/api.w.org\/{rel}","templated":true}]}}